vative of y**3/6 + 77*y**2/2 + 184*y. Calculate the remainder when 1083 is divided by a(-42).
33
Let p(y) = -32*y + 1186. What is the remainder when 9230 is divided by p(32)?
158
Let h = -1 - -4. Suppose h*o - 238 = -l, 4*l + o = -140 + 1147. Calculate the remainder when 33 is divided by (-2)/3 - l/(-33).
5
Let o(u) = 2*u**3 + 3*u**2 - 19*u + 90. Calculate the remainder when 455 is divided by o(4).
75
Let v(u) = u**3 - 35*u**2 + 201*u - 134. What is the remainder when 57 is divided by v(28)?
3
Let y(k) = -341*k**3 + k + 1. Let n(d) = -2*d**2 - 18*d + 362. What is the remainder when y(-1) is divided by n(-18)?
37
Let z(a) be the second derivative of 10*a**3/3 - 14*a**2 + 23*a. Let k be z(3). Suppose -d = d - k. Calculate the remainder when 78 is divided by d.
14
Calculate the remainder when (7/(14/(-125)))/(-3*3/126) is divided by 286.
17
Let h = -6316 - -6359. What is the remainder when 228 is divided by h?
13
Suppose k - 6 = -k. Suppose -2*s - 11 = -x - 0, 3*x + 3*s - 6 = 0. Suppose 3*b = m + 24, -4*b + 11 + 32 = -x*m. What is the remainder when b is divided by k?
1
What is the remainder when ((-718)/6)/(159/(-4770)) is divided by 116?
110
Let j = -44 - -146. Let c = j + -97. Suppose 0*s + 45 = c*s. What is the remainder when 61 is divided by s?
7
Let b be (-5 + 1)*(-150)/120. Suppose 11 + 29 = b*m - 5*a, 2*m + 4*a = 46. Calculate the remainder when (228/16)/((-6)/(-16)) is divided by m.
12
Let z be 2/(-4)*(230 + -34). Let h = 229 + z. Calculate the remainder when h is divided by 69.
62
Let a(p) = -2*p**3 + 127*p**2 + 59*p + 560. What is the remainder when a(64) is divided by 117?
6
Suppose 0 = -27*x + 31233 + 10077. Calculate the remainder when x is divided by 21.
18
Suppose -8*f = -5*f + 135. Let w = -39 - f. Let a(l) = l + 10. What is the remainder when w is divided by a(-6)?
2
Suppose -9*f - 18 = -15*f. Suppose 5*w - 108 = 2*t, -f*t - 181 = -2*w + 4*w. Let m = -31 - t. What is the remainder when 111 is divided by m?
27
Suppose 4*u - 314 = 351 + 351. What is the remainder when u is divided by 248?
6
Suppose 2*h = 2*u + 1 + 13, -3*h + 9 = u. Suppose -3*w - 45 = -5*p, -w = -10*p + 5*p + 55. What is the remainder when 44/6*u/(-1) is divided by p?
10
Suppose 0 = 3*r - 32 - 49. Let x = 37 + r. Suppose -5*s = -4*c + 161, 5*c = -4*s + 21 + 129. Calculate the remainder when x is divided by c.
30
Suppose 2*i + 0*i = 108. Suppose -57*t + i*t + 417 = 0. Suppose 3*d - 35 = 2*d. What is the remainder when t is divided by d?
34
Suppose 0 = t - 3*t + 54. Suppose -6*a = -3*a - 1185. Suppose -25*o + 20*o = -a. What is the remainder when o is divided by t?
25
Suppose r - 4*n = 1076 - 390, -5*r = -5*n - 3535. Calculate the remainder when r is divided by 52.
38
Suppose 0 = 34*d - 419 - 193. Suppose 4*i + 26 = -3*t, -4*t = t - 2*i. What is the remainder when (-3424)/(-48) + t/6 is divided by d?
17
Suppose 2*p + 4*p - 2932 = -628. Calculate the remainder when p is divided by 132.
120
Let h = 3885 - 3854. Let x be (5 - 12)*(-4)/14. Suppose -a + 266 - 85 = -x*c, 5*a - 919 = -4*c. Calculate the remainder when a is divided by h.
28
Suppose 58*t - 8193 = 101. What is the remainder when t is divided by 52?
39
Let a(s) = -s**2 + s + 6. Let d = 4 - 0. Let v be a(d). What is the remainder when 61 is divided by (0 - (-28)/(-8))*v?
19
Let r(l) = l**3 - 4*l**2 + 4. What is the remainder when r(7) is divided by (-6)/33 - ((-6300)/(-33))/(-5)?
37
Let m(c) = -2*c + 2. Suppose 4*z = -27 + 43. Suppose z*j = 3*x - 66, j = -2*j + 2*x - 50. Calculate the remainder when 150 is divided by m(j).
36
Calculate the remainder when (3892/8)/(6/(-4)*5/(-15)) is divided by 471.
31
Let z = 0 + 5. Suppose -4*s + 3*n - 1 = z, 0 = -3*n + 6. Calculate the remainder when 26 is divided by (28/(-14))/(s + 4/(-30)).
11
Suppose 4*d + 700 = -d. Let l(j) = -5*j - 5. Calculate the remainder when (-1)/(-2*(-2)/d) is divided by l(-5).
15
Let p = 94 - 91. Suppose -45 = -3*s - p*d, -3*s - 5*d + 26 = -17. Calculate the remainder when 159 is divided by s.
15
Let z be (-10)/6 - (-640)/96. What is the remainder when 416/5*z/2 is divided by 42?
40
Calculate the remainder when 307 is divided by (-42)/(-9)*(11 + -8).
13
Suppose 2*l - 52 = -28*w + 26*w, w - l = 26. What is the remainder when 453 is divided by w?
11
Suppose -6 = 2*u, x - 84 = 5*u + 49. Let k(d) be the third derivative of -7*d**4/8 - 22*d**3/3 - 7*d**2 - 8*d. What is the remainder when x is divided by k(-4)?
38
Let j = -7 + 10. Suppose -4*p = -41 - 43. Let n = -10 + p. Calculate the remainder when n is divided by j.
2
Suppose -198 = -2*s - 5*d, 0 = -0*d + 2*d. Let o be 122/(-18) + 6/(-27). Let h = o + 32. Calculate the remainder when s is divided by h.
24
Suppose -2*j = -3*t + 87 - 779, -2*t + 4 = 0. What is the remainder when j is divided by 11 - 78 - -93 - 10/1?
13
Let x = 493 + -467. What is the remainder when (129*(-3)/(-9))/1 is divided by x?
17
Let a = -175 - -177. Suppose -a*p + 343 = -0*p + 5*r, -r = 2*p - 331. What is the remainder when p is divided by 24?
20
What is the remainder when (8604/(-2390))/((-2)/2265) is divided by 30?
27
Suppose 18*a - 1734 = 17*a. Suppose 3*s = 2*w - 1146, 0*s - 3*s = 3*w - a. Suppose 12*r - 6*r = w. Calculate the remainder when r is divided by 10.
6
What is the remainder when 1278 is divided by 2152/5918 - (-2 + 1840/(-22))?
74
Suppose 3*c + 5*v + 682 = 0, 5*c - 10*c + 2*v - 1116 = 0. Let t = c - -321. What is the remainder when t is divided by 33?
31
Let n(w) = -9*w - 33. What is the remainder when 20/(-80) + (-322)/(-8) is divided by n(-7)?
10
Let o = 19465 - 19381. Calculate the remainder when 497 is divided by o.
77
Let v = -8105 - -8187. What is the remainder when 394 is divided by v?
66
Suppose -2*c - 2*t = -10, c + 3*t + 199 = 206. Suppose -f - 7 = -6. Calculate the remainder when (-2)/(2 + f) - -16 is divided by c.
2
Let j = -18 - -1. Let z = j + 82. What is the remainder when z is divided by -4*15/(-60) - -16?
14
Let f = 136 - 245. Let t(a) = 156*a**3 + a**2 + a + 1. Let q be t(-1). Let b = f - q. What is the remainder when b is divided by 13?
7
Suppose 462*n - 2*j = 460*n + 102, 168 = 4*n + 2*j. Calculate the remainder when 1286 is divided by n.
26
Let b(s) = 1161*s + 106. Let w be b(12). What is the remainder when (-32)/(-272) - w/(-34) is divided by 13?
10
Let r = -846 - -1444. Let c = -585 + r. Calculate the remainder when -17*6/4*-2 is divided by c.
12
Suppose 2*w - 749 = -3*k, 0 = 2*k - 90*w + 85*w - 493. Calculate the remainder when k is divided by 124.
1
Suppose 9*w - 11*w + 62 = -2*z, 40 = w - 4*z. Let a = 35 - -40. What is the remainder when a is divided by w?
19
Let l be 3 + (-7)/(3 + -5 - -3). Let b be 354/((-44)/12 - l). Calculate the remainder when b/24 + (-1)/4 is divided by 25.
19
Suppose -5*s + 35*v - 32*v + 487 = 0, -455 = -5*s - 5*v. Suppose 0 = 3*d + 4*g - 824, 2*d - 761 + 213 = -4*g. What is the remainder when d is divided by s?
86
Let m be (-15)/(-4) + (-7)/(-28). Suppose 29 + 47 = m*g. Suppose 1296 = 7*a + 22*a - 2*a. Calculate the remainder when a is divided by g.
10
Suppose 0 = 3*i + 5*d - 596, 15*i + 4*d - 989 = 10*i. Calculate the remainder when 872 is divided by i.
84
Suppose -2*h + 2*c = 10, -78*c + 27 = -2*h - 75*c. Let t be 5/7 + 4/14. Calculate the remainder when (-88)/(-2) - (0 - t) is divided by h.
9
Suppose 10 = -3*z - 5, -3*z - 1218 = -3*m. Calculate the remainder when m is divided by 46.
33
Suppose -k + u + 34 - 8 = 0, 4*k + 5*u = 77. Calculate the remainder when 40 is divided by (2/2)/(k/253).
7
Let u be (-18)/(-2) - (-43 - -48). Let s(h) = 38*h + 24. Calculate the remainder when s(u) is divided by 53.
17
Let t be 7 + 4*(20/8 - 3). Suppose -4*v + 1476 = t*v. Calculate the remainder when v is divided by 6.
2
Let x be (-28)/4 + -73 + 14. What is the remainder when (x/4)/(-11) - 1508/(-8) is divided by 46/3 - (-10)/15?
14
Let t = 243 + -257. Let a(u) = -u**3 - 12*u**2 + 17*u - 57. What is the remainder when a(t) is divided by 29?
10
Let a = -16168 - -16173. Calculate the remainder when 5411 is divided by a.
1
Let j(v) = -60*v + 2. Let k = -252 + 472. Suppose w - 89 = 6*d - 8*d, 0 = -5*d - 3*w + k. What is the remainder when j(-3) is divided by d?
41
Let y(z) be the first derivative of 200*z**3/3 - 9*z**2/2 + 23*z + 253. Calculate the remainder when y(2) is divide